{"id":39,"date":"2026-02-08T14:55:21","date_gmt":"2026-02-08T13:55:21","guid":{"rendered":"https:\/\/dominikaikacper.pl\/?page_id=39"},"modified":"2026-02-08T17:08:30","modified_gmt":"2026-02-08T16:08:30","slug":"harmonogram","status":"publish","type":"page","link":"https:\/\/dominikaikacper.pl\/?page_id=39","title":{"rendered":"Harmonogram"},"content":{"rendered":"\n<div class=\"wp-block-group alignfull is-style-section-1 has-global-padding is-content-justification-center is-layout-constrained wp-container-core-group-is-layout-df757ecc wp-block-group-is-layout-constrained is-style-section-1--1\" style=\"margin-top:0;margin-bottom:0;padding-top:calc( 0.5 * var(--wp--style--root--padding-right, var(--wp--custom--gap--horizontal)));padding-right:var(--wp--style--root--padding-right, var(--wp--custom--gap--horizontal));padding-bottom:calc( 0.5 * var(--wp--style--root--padding-right, var(--wp--custom--gap--horizontal)));padding-left:var(--wp--style--root--padding-left, var(--wp--custom--gap--horizontal))\">\n<div style=\"height:calc( 0.25 * var(--wp--style--root--padding-right, var(--wp--custom--gap--horizontal)))\" aria-hidden=\"true\" class=\"wp-block-spacer\"><\/div>\n\n\n\n<figure class=\"wp-block-image size-full is-style-with-border\"><img loading=\"lazy\" decoding=\"async\" width=\"1200\" height=\"1600\" src=\"https:\/\/dominikaikacper.pl\/wp-content\/uploads\/2026\/02\/WhatsApp-Image-2026-02-07-at-16.42.08.jpeg\" alt=\"\" class=\"wp-image-49\" style=\"aspect-ratio:3\/4;object-fit:cover\" srcset=\"https:\/\/dominikaikacper.pl\/wp-content\/uploads\/2026\/02\/WhatsApp-Image-2026-02-07-at-16.42.08.jpeg 1200w, https:\/\/dominikaikacper.pl\/wp-content\/uploads\/2026\/02\/WhatsApp-Image-2026-02-07-at-16.42.08-225x300.jpeg 225w, https:\/\/dominikaikacper.pl\/wp-content\/uploads\/2026\/02\/WhatsApp-Image-2026-02-07-at-16.42.08-768x1024.jpeg 768w, https:\/\/dominikaikacper.pl\/wp-content\/uploads\/2026\/02\/WhatsApp-Image-2026-02-07-at-16.42.08-1152x1536.jpeg 1152w\" sizes=\"auto, (max-width: 1200px) 100vw, 1200px\" \/><\/figure>\n\n\n\n<div class=\"wp-block-columns is-layout-flex wp-container-core-columns-is-layout-28f84493 wp-block-columns-is-layout-flex\">\n<div class=\"wp-block-column is-layout-flow wp-block-column-is-layout-flow\">\n<div class=\"wp-block-columns is-layout-flex wp-container-core-columns-is-layout-28f84493 wp-block-columns-is-layout-flex\">\n<div class=\"wp-block-column is-layout-flow wp-block-column-is-layout-flow\">\n<div class=\"wp-block-group has-global-padding is-layout-constrained wp-block-group-is-layout-constrained\">\n<div class=\"wp-block-group has-global-padding is-layout-constrained wp-block-group-is-layout-constrained\">\n<div class=\"wp-block-columns is-not-stacked-on-mobile is-style-section-2 is-layout-flex wp-container-core-columns-is-layout-28f84493 wp-block-columns-is-layout-flex is-style-section-2--2\">\n<div class=\"wp-block-column is-vertically-aligned-top is-layout-flow wp-block-column-is-layout-flow\">\n<p>\u015aLUB<\/p>\n\n\n\n<p>TOAST<\/p>\n\n\n\n<p>OBIAD<\/p>\n\n\n\n<p>PIERWSZY TANIEC<\/p>\n\n\n\n<p>KOLACJA<\/p>\n\n\n\n<p>TORT<\/p>\n\n\n\n<p>OCZEPINY<\/p>\n\n\n\n<p>OGNISKO<\/p>\n<\/div>\n\n\n\n<div class=\"wp-block-column is-layout-flow wp-block-column-is-layout-flow\">\n<p>15:00<\/p>\n\n\n\n<p>godzina wkr\u00f3tce<\/p>\n\n\n\n<p>godzina wkr\u00f3tce<\/p>\n\n\n\n<p>godzina wkr\u00f3tce<\/p>\n\n\n\n<p>godzina wkr\u00f3tce<\/p>\n\n\n\n<p>godzina wkr\u00f3tce<\/p>\n\n\n\n<p>00:00<\/p>\n\n\n\n<p>godzina wkr\u00f3tce<\/p>\n<\/div>\n<\/div>\n<\/div>\n<\/div>\n<\/div>\n<\/div>\n<\/div>\n<\/div>\n\n\n\n<div style=\"height:calc( 0.25 * var(--wp--style--root--padding-right, var(--wp--custom--gap--horizontal)))\" aria-hidden=\"true\" class=\"wp-block-spacer\"><\/div>\n<\/div>\n","protected":false},"excerpt":{"rendered":"<p>\u015aLUB TOAST OBIAD PIERWSZY TANIEC KOLACJA TORT OCZEPINY OGNISKO 15:00 godzina wkr\u00f3tce godzina wkr\u00f3tce godzina wkr\u00f3tce godzina wkr\u00f3tce godzina wkr\u00f3tce 00:00 godzina wkr\u00f3tce<\/p>\n","protected":false},"author":1,"featured_media":0,"parent":9,"menu_order":0,"comment_status":"closed","ping_status":"closed","template":"page-no-title","meta":{"footnotes":""},"class_list":["post-39","page","type-page","status-publish","hentry"],"_links":{"self":[{"href":"https:\/\/dominikaikacper.pl\/index.php?rest_route=\/wp\/v2\/pages\/39","targetHints":{"allow":["GET"]}}],"collection":[{"href":"https:\/\/dominikaikacper.pl\/index.php?rest_route=\/wp\/v2\/pages"}],"about":[{"href":"https:\/\/dominikaikacper.pl\/index.php?rest_route=\/wp\/v2\/types\/page"}],"author":[{"embeddable":true,"href":"https:\/\/dominikaikacper.pl\/index.php?rest_route=\/wp\/v2\/users\/1"}],"replies":[{"embeddable":true,"href":"https:\/\/dominikaikacper.pl\/index.php?rest_route=%2Fwp%2Fv2%2Fcomments&post=39"}],"version-history":[{"count":5,"href":"https:\/\/dominikaikacper.pl\/index.php?rest_route=\/wp\/v2\/pages\/39\/revisions"}],"predecessor-version":[{"id":82,"href":"https:\/\/dominikaikacper.pl\/index.php?rest_route=\/wp\/v2\/pages\/39\/revisions\/82"}],"up":[{"embeddable":true,"href":"https:\/\/dominikaikacper.pl\/index.php?rest_route=\/wp\/v2\/pages\/9"}],"wp:attachment":[{"href":"https:\/\/dominikaikacper.pl\/index.php?rest_route=%2Fwp%2Fv2%2Fmedia&parent=39"}],"curies":[{"name":"wp","href":"https:\/\/api.w.org\/{rel}","templated":true}]}}